16. Let z be (w/(-12))/((-2)/12). What are the prime factors of ((-2)/z)/((-4)/(-18))?
3
Let y(b) = b**3 + 7*b**2 + b - 4. Let q be y(-7). Let w = -6 - q. What are the prime factors of w?
5
Let w(t) = -t**3 + 4*t**2 + 4*t - 5. Let b be w(5). Let j be (-18)/b + (-2)/(-10). Suppose -5*f - 15 = -5*l, -l + 3 = -0*f + j*f. List the prime factors of l.
3
Let y(x) = x**3 + 5*x**2 - 6*x + 5. Let r = 0 - 6. Let l be y(r). Suppose -l*h + b + 51 = 0, -5*h + 6*h - 4*b + 5 = 0. List the prime factors of h.
11
Suppose 2*m = -0*m + 4. Suppose 2*g = 6, -2*v - m*g - 4 = -10. Suppose v = k + k - 8. List the prime factors of k.
2
List the prime factors of 9/(-12) + 111/4.
3
Suppose -123 = -5*w - 3*x + 696, 2*w - 4*x = 338. List the prime factors of w.
3, 5, 11
Suppose 2*n = d - 2, n - 23 + 3 = -3*d. Suppose -z = d - 33. What are the prime factors of z?
3
Let k be (-2 + 0)/((-1)/(-2)). Let q(a) = -13*a - 9. List the prime factors of q(k).
43
Let f = -16 + 7. Let s(k) = k**3 - 6*k**2 + 13*k + 10. Let n(a) = -2*a**3 + 5*a**2 - 14*a - 10. Let t(v) = -2*n(v) - 3*s(v). List the prime factors of t(f).
2
Suppose 2*s = -10, -4*g + 315 = -s - 594. List the prime factors of g.
2, 113
Suppose -4*j = 2*y - 14, j + 2*y = -5 + 1. Let o = j - 3. Suppose -3*b + 14 = o*h + 2*h, 0 = 4*b + 3*h - 15. List the prime factors of b.
3
Let w(x) = x**2 + 9*x + 8. Let d be w(-7). What are the prime factors of (-1 - 3)/(d/39)?
2, 13
Let i(w) = -w**3 - 11*w**2 - 12*w. Let u be i(-10). Suppose -v + u = -3*v. Let a = 1 - v. List the prime factors of a.
11
Let n(k) = -k**3 + 5*k**2 - 2*k. Suppose -15 + 5 = -5*p. List the prime factors of n(p).
2
Let d(k) = -k**3 + 5*k**2 + 6*k - 5. List the prime factors of d(5).
5
Suppose -25 = 2*x + 5*y, 6*y = -x + 3*y - 12. Let a be (20/x)/((-4)/30). Suppose b + 23 = 2*g - 0*b, 2*b = -a. What are the prime factors of g?
3
Let a(v) = v**2 - v**2 + 2 + 4*v**2 - 3*v**2. List the prime factors of a(0).
2
Suppose 0*p + 2*g + 2 = 4*p, -4*p + 5*g - 1 = 0. List the prime factors of 28*p + (-2)/2.
3
What are the prime factors of 1/(14/13 - 1)?
13
Let k be (1 - 0)/((-5)/5). Let c(m) = 2*m**3 - 12*m**3 - m**2 - 1 + m - 3*m. What are the prime factors of c(k)?
2, 5
Let t(a) = -a**3 + 3*a**2 + 5*a - 1. Let j be t(4). List the prime factors of 2*10*j/12.
5
Let d be (-14)/(-6) - 3/9. Let u be d/9 + 922/(-18). Let o = -36 - u. List the prime factors of o.
3, 5
Let y(f) = 6*f - 2*f**2 + 51*f**3 + 1 + 3*f**2 - 8*f. List the prime factors of y(1).
3, 17
Suppose 0 = 4*j - 3*j - 5, 0 = -5*r - 5*j + 165. List the prime factors of r.
2, 7
Let n(t) = 3*t**3 + 2*t**2 + t. Let d be n(-1). List the prime factors of (-23 + -16)*d/6.
13
Suppose 0 = -3*s + s. Let d = s - -7. List the prime factors of d.
7
Suppose 0 = -2*i + 8. Suppose 149 = -b + 4*b + 2*w, i*b = -2*w + 202. List the prime factors of b.
53
Let y(u) = -u**3 + 11*u**2 + 13*u - 10. Let x(n) = n**2 + n. Let b be x(-4). Let k be y(b). Let w = 15 + k. What are the prime factors of w?
17
Suppose 3*m - 59 = -2*i, -2*i + 23 = 2*m - 19. List the prime factors of m.
17
Suppose -2*t + 38 = j - 27, -4*t - 5*j = -127. What are the prime factors of t?
3, 11
Let y be (-61)/4 - 4/(-16). Let m be ((-220)/y)/(2/6). Suppose c - 5*c = -m. What are the prime factors of c?
11
Let f = 11 + -7. Let z be 3/(2 + (-1 - 0)). Suppose -f*h = 2*p - 6, -p - z = -h + 6*h. What are the prime factors of p?
7
Let l be (3 - 6)/((-6)/10). Suppose -l*o + 125 = -0. Suppose -o = -5*f + 10. What are the prime factors of f?
7
Let r(d) be the second derivative of -d**7/840 + d**5/60 - d**3/2 + 3*d. Let v(j) be the second derivative of r(j). What are the prime factors of v(-2)?
2
Let g be 1 - ((-2)/2)/1. Let t(y) = -y**2 + 3*y - 3. Let m be t(2). Let c = g - m. List the prime factors of c.
3
Let y = 3 + -2. Let i = 0 - y. List the prime factors of (i + 0)*-5 - -2.
7
Let g(x) = -7*x - 10. Let z be g(-3). Suppose -9 - z = -2*q. What are the prime factors of q?
2, 5
Let r be (-1)/(-1) + (4 - -15). Let h = 34 - r. List the prime factors of h.
2, 7
Let l(t) = 68*t - 13. List the prime factors of l(2).
3, 41
Suppose -4*w + 6*r = 2*r - 16, -2*w = 4*r + 10. Let x = w - -1. Suppose -x*t - 10 = -4*t. List the prime factors of t.
5
Let y be (0/1 - 0)/1. List the prime factors of -2 - (3 - (26 - y)).
3, 7
What are the prime factors of (92 - 10)*(1 + (-2)/4)?
41
Suppose 40 = 5*w - 0*w. Let y = 14 - w. What are the prime factors of y?
2, 3
Let v(n) = -n**3 - n**2 + 2*n. Let i be v(-2). Suppose 2*c = -c + 165. Suppose -5*m = -i - c. What are the prime factors of m?
11
Let l be 3/(18/4)*-9. Let n(m) = m**3 + 5*m**2 - 7*m - 6. Let i be n(l). Suppose -v + 6 = -i*v. What are the prime factors of v?
2, 3
Let h be (2 - (1 - 0)) + -11. Let b(p) = 2*p**2 - 10*p + 1. Let a be b(5). List the prime factors of (-138)/h + a/5.
2, 7
Let l(k) = 3*k**3 - 2*k**2 - 2*k. Suppose -2*q + 4 = 0, 2*q + 0*q = -3*p + 22. Let n(r) = r**3 - r**2. Let y(t) = p*n(t) - l(t). List the prime factors of y(2).
2, 3
Let s be 47/6 - (-5)/30. What are the prime factors of 2 + s + (-2 - 1)?
7
Let j be 58/18 + 6/(-27). Suppose 0*w - 4*w + 14 = j*m, 16 = 3*m + 5*w. List the prime factors of m.
2
Let u(j) = 9*j - 11. List the prime factors of u(19).
2, 5
Suppose -4*w - 4*h = 4, 0*w - 4*h + 6 = -w. Let n be -4 - (-3 + 2) - 2. Let o = w - n. What are the prime factors of o?
3
Let u(m) = 3 - 2*m**2 + 3*m**2 - 1 - 2*m - 9. What are the prime factors of u(-7)?
2, 7
Let k be ((-4)/5)/((-3)/15). Let f(i) = -i - 6. Let b be f(-11). Suppose b = -l + 3*x, 2*l + x + k - 15 = 0. What are the prime factors of l?
2
Let z(p) = 8*p**2 - 2*p - 5. List the prime factors of z(3).
61
Suppose -2*z = -5*z - 57. Let h = z + 42. What are the prime factors of h?
23
Let m(t) = t**2. Let d be m(0). Suppose 4*n - 2 - 2 = d. Let j = n - -9. What are the prime factors of j?
2, 5
Suppose -g - 24 = -4*g. Suppose -4*y + 4 = -0. What are the prime factors of 0 + (-2 - y) + g?
5
What are the prime factors of (7 - -120) + (0 - -1)?
2
Let h(y) = 6*y**2 - 8*y - 5. Let n(k) = 7*k**2 - 9*k - 6. Let w(s) = -6*h(s) + 5*n(s). Let p be w(2). Suppose -4*r = -30 - p. What are the prime factors of r?
2
Let c = -43 + 88. What are the prime factors of c?
3, 5
Let p = -1 - -3. Suppose p*t - 38 = -5*k, 0 = -0*k + k. List the prime factors of t.
19
Let p = -5 + 50. List the prime factors of (-10)/p + 38/9.
2
Let u = -5 + 3. Let v(s) = 4*s + 2. Let z be v(u). Let k = z + 8. List the prime factors of k.
2
Suppose 0 = h - 3*q - 16 - 17, 0 = h + 5*q - 41. What are the prime factors of h?
2, 3
Let b be 536/18 - (-4)/18. Let u = b - 17. What are the prime factors of u?
13
Let j = 26 + -51. Let o = j - -35. Let t = 2 + o. List the prime factors of t.
2, 3
Let r be (-3)/((-18)/8)*-3. Suppose 4*h - 36 = 2*h. What are the prime factors of r*(h/(-8))/3?
3
Let s(g) = g**2 + 22*g - 56. What are the prime factors of s(-25)?
19
Suppose 5*p = 2*u + 1610, 0*p + 4*u - 966 = -3*p. List the prime factors of p.
2, 7, 23
Suppose -57 = -3*n - 3. List the prime factors of n.
2, 3
What are the prime factors of 50 + (-2 + 2)/(12/(-4))?
2, 5
Let m(o) = 5*o**2 - 3*o - 2. What are the prime factors of m(3)?
2, 17
Suppose 0 = -0*l + 2*l - 90. Suppose 3*d + 9 = 0, -4*j - 5*d = -2*d + l. Let u(a) = a**3 + 10*a**2 + 8*a + 2. List the prime factors of u(j).
11
Let y(q) = q**3 + 5*q**2 - 2*q + 2. Let x be (-7 + -3)*(-1)/(-2). List the prime factors of y(x).
2, 3
Suppose -3*b + 5*b = 6. What are the prime factors of (-20)/b*(-6)/4?
2, 5
Suppose 0 = 3*q + 2*q - 15. Suppose n + 3*n = 2*v, -2*n = -q*v + 4. List the prime factors of 1*18 - v - 1.
3, 5
Suppose -i + 0*i = 5*d - 714, 5*i - 424 = -3*d. What are the prime factors of d?
11, 13
Let d = 72 - -44. What are the prime factors of d?
2, 29
Suppose 3*g = 4*g - 9. List the prime factors of g.
3
Suppose 10 = 2*l + 3*l. Suppose 0 = h - l + 3, n + 2*h = -26. List the prime factors of (-2)/(-12) + (-68)/n.
3
Suppose 0 = -2*c - 6*c + 744. What are the prime factors of c?
3, 31
Suppose 0 = -5*p + 3*t + 18, 4*p + 0*t - 5*t = 4. Suppose -2*k = -p - 28. Suppose 2*y + 3 = k. What are the prime factors of y?
7
Let k(l) = l**3 - 9*l**2 + 8*l + 5. Let f be k(8). Suppose 0 = -5*c + 10, -f*y - 5*c = -32 - 18. What are the prime factors of y?
2
Suppose -3*d - 14 = -2*r, 